. Suppose -24 = 3*w - 180. Calculate the greatest common divisor of h and w.
13
Let a = 4 + 0. Suppose -197 = -3*k - 0*k + 5*m, -a = 4*m. What is the greatest common factor of 16 and k?
16
Let u be (-2)/((-6)/(-9)) - -11. Suppose 8 = -3*f + 2*f. Let z be ((-12)/f)/(3/176). Calculate the highest common divisor of u and z.
8
Suppose -3*p + 260 + 124 = 0. What is the highest common divisor of p and 32?
32
Suppose -4*j + 80 = -3*j. Let o = 20 - 10. Calculate the greatest common factor of j and o.
10
Let a = -2 + -1. Let s be a/(3 - 37/12). Calculate the highest common factor of 6 and s.
6
Let i(r) = 8*r + 172. Let m be i(-9). Suppose -4 = 4*x - 84. Calculate the highest common divisor of x and m.
20
Suppose j = -4*j - 5, -5*o + 75 = 5*j. Calculate the highest common divisor of o and 16.
16
Let g = -10 - -8. Let p be (-132)/g*3/3. Let v(h) = -h**2 - 7*h + 6. Let q be v(-7). What is the greatest common factor of q and p?
6
Suppose 2*h = -0*y + 2*y - 346, 0 = 2*y + 2*h - 338. Let t = -7 + 26. Calculate the greatest common factor of t and y.
19
Let k = -53 - -75. What is the highest common factor of k and 2?
2
Suppose 3*i - 7 - 14 = 0. Suppose -69 = -3*k + 120. Calculate the greatest common divisor of i and k.
7
Suppose -4*w + 2*a - a + 69 = 0, 32 = 2*w + 2*a. Let z be ((-2)/5)/(3/(-1275)). Calculate the greatest common factor of z and w.
17
Let w(o) = 16*o - 1. Let t be w(6). Suppose 0 = n - h - 26, -4*n - n - 2*h = -t. Calculate the highest common divisor of n and 3.
3
Suppose -3*o = -8 + 2. Suppose 0 = -5*m + o*m + 39. Suppose 2*c + 5*n = -c + 97, 86 = 2*c - 2*n. What is the greatest common divisor of m and c?
13
Let c = 12 + -10. Let t be ((-8)/(-10))/(12/330). Calculate the highest common factor of t and c.
2
Suppose -138 + 428 = 5*k. Suppose k = 3*t + z, 2*z - 89 = -3*t - 30. What is the greatest common factor of 57 and t?
19
Let p(q) = q**2 - 5*q - 2. Let g be 47/5 - (-2)/(-5). Let h be p(g). Calculate the highest common factor of 272 and h.
34
Let d = 24 - 19. Calculate the highest common factor of 35 and d.
5
Let j(h) = -h**3 + 5*h**2 + 8*h - 4. Let k be j(6). Calculate the highest common factor of k and 24.
8
Let c = 105 + -60. Calculate the greatest common factor of c and 9.
9
Let m be (-2 - -3 - 1) + (-1 - -4). Let f be (-1)/(-2*(-2)/(-4)). Let d be 2 + -1 + (1 - f). Calculate the greatest common factor of d and m.
1
Let u = -11 + 11. Suppose -5*a + 3*a + 42 = u. What is the highest common factor of a and 189?
21
Let t(i) = -2 + 2 + 2 + 4*i**2 - i**2 + 6*i. Let m be t(-4). Calculate the greatest common factor of m and 65.
13
Let u(f) = f**3 - f + 1. Let z be u(5). Suppose -2*h - 2*r = -0*h - 18, -r - 46 = -4*h. What is the highest common factor of z and h?
11
Let l = -267 - -109. Let n be l/(-14) - (-2)/(-7). Calculate the greatest common factor of n and 11.
11
Let g = 102 + -39. What is the highest common divisor of g and 9?
9
Suppose -6*r - 59 = -227. Calculate the greatest common divisor of r and 28.
28
Let x be 5/(20/44) - -5. Suppose -l - 3 = 0, -4*v - 643 = 4*l + l. Let j = v - -333. Calculate the highest common factor of x and j.
16
Let j be (126/4)/((-6)/(-8)). Let p be 2/10 + 69/5. Calculate the greatest common divisor of j and p.
14
Let l be 5/((-14)/(-6) - 2). Let n be (-3)/(-15) + 492/l. Calculate the greatest common divisor of n and 11.
11
Let y = 113 - 92. Calculate the greatest common factor of y and 147.
21
Suppose 0 = -0*c - 5*c + 900. What is the highest common divisor of c and 20?
20
Let n be (1 + -37)*1/(-2). Suppose -2*m - 8 = -n. Let q = 36 - -9. Calculate the greatest common factor of q and m.
5
Suppose 68 = 5*m - 712. Let p be (2/6)/(4/m). Suppose -h = -3*h + 104. What is the highest common factor of p and h?
13
Let d(n) = 22*n - 18. Let o be d(4). Calculate the greatest common divisor of o and 14.
14
Suppose -4*w = -5*d - 3 - 3, -5*d + 18 = 2*w. What is the greatest common factor of w and 6?
2
Suppose -3*o - 40 = -5*k, 0*o = 4*k + o - 32. Suppose -2*i + g = i - 23, 3*i + 3*g = 3. Suppose 70 = 4*u + i. What is the greatest common factor of u and k?
8
Let w(b) = 17*b**3 + 2*b**2 - 1. Let f be w(-1). Let s be 0/(-3) - -2 - f. Calculate the highest common factor of s and 18.
18
Let d(j) = 8*j**2 - 5*j + 6. Let z be d(2). What is the highest common factor of 28 and z?
28
Let y = -231 - -237. Suppose -4*v - 3*c - 25 = -0*v, -3 = c. Let t(p) = -p**2 - 6*p - 2. Let z be t(v). Calculate the highest common factor of z and y.
6
Suppose 13 = 3*a - 8. Calculate the highest common divisor of 77 and a.
7
Suppose 0 = 5*s - 15, -2*k - 3*s + 107 = -0*k. What is the greatest common divisor of k and 7?
7
Let u(h) be the second derivative of -13*h**3/3 - h**2 - 2*h. Let o be u(-6). Calculate the greatest common divisor of o and 22.
22
Let p(b) = -b**3 + 10*b**2 + 11*b + 8. Let w be p(11). What is the greatest common factor of w and 56?
8
Let u be (5 - 10)*(-15 + 1). Calculate the highest common factor of 14 and u.
14
Let y(i) = i**3 - 7*i**2 + 2*i - 5. Let c be y(7). What is the highest common divisor of c and 72?
9
Let b be ((-75)/12)/(3/12). Let r = b - -35. Calculate the greatest common factor of 15 and r.
5
Suppose -66 + 222 = 2*a. Calculate the highest common factor of a and 117.
39
Let l be (3/3)/((-1)/(-6)). Let m be 3/(-15) - 3/(-15). Suppose 0 = 2*c - m*c - 4. What is the highest common divisor of l and c?
2
Suppose 2*z + 810 = 2*q, -2*q + 112 = -4*z - 698. Suppose -n - q = -4*u, 4*n + 220 = -2*u + 4*u. What is the highest common factor of 20 and u?
20
Suppose -5*z + 5 = 4*g, -8 = -2*z - g - 3. Suppose z*v = v + 228. Let c = v + -22. What is the greatest common factor of c and 14?
7
Suppose 5*n - 376 = 4. Suppose 0 = -5*g + 3*h + n, -g - 3*h + 19 = -7. Calculate the greatest common divisor of 34 and g.
17
Let f(o) = 15*o - 2. Let p be f(2). What is the greatest common divisor of p and 4?
4
Suppose -4*r + r = -24. Let s = -5 + r. Let z = s + 23. Calculate the greatest common divisor of 65 and z.
13
Let z = -8 + 24. Calculate the highest common divisor of z and 16.
16
Let h = -80 - -26. Let p be 12/h + (-47)/(-9). What is the greatest common factor of p and 45?
5
Let u = 6 + -2. Suppose u = -5*d + 49. Suppose d = 4*b + b - i, 4*b - 3*i - 5 = 0. Calculate the greatest common divisor of b and 14.
2
Let s(i) = 2*i**2 - 9*i - 7. Let j be s(7). Let z = j - 18. What is the highest common divisor of 110 and z?
10
Suppose 0*y + 2*h + 46 = 4*y, -3*y + 41 = 5*h. Let a be y/30 + (-106)/(-10). Let x = a + -4. What is the greatest common factor of 14 and x?
7
Let l(g) = 3*g**2 - 8*g - 6. Let p be l(6). Suppose -3*y + p = -0*y. Let z be -2 + -46*(0 - 2). Calculate the greatest common factor of y and z.
18
Let c be 1*52*6/8. Let p = -25 + 10. Let o = c + p. Calculate the greatest common factor of 3 and o.
3
Let d be (-1)/(-3) + 52/6. Let m(j) = -4*j - 13. Let u be m(-19). Calculate the highest common factor of u and d.
9
Suppose -i = -6*i + 90. Suppose -5*q = -i - 2. Let l(k) = 36*k**2. Let u be l(1). What is the highest common divisor of q and u?
4
Let p be (-4)/3 + 128/24. Suppose 3*z + 2*z = -p*s + 122, 4*s - 5*z = 102. Calculate the highest common divisor of s and 14.
14
Suppose 3*j + 123 = -4*r, 2*r + 3*j + 66 = -3. Let u be (11 - 12)/(1/r). Calculate the highest common factor of u and 135.
27
Suppose 0*k = -3*k - 5*y + 52, 5*k + 3*y = 76. What is the highest common divisor of k and 70?
14
Suppose -u + 20 = 4*u. Let m be -2 - (-13 - (u - 2)). What is the greatest common factor of m and 13?
13
Let n(o) = o**3 - 5*o**2 + o + 5. Let g be n(4). Let w(x) = -2*x - 7. Let k be w(g). What is the greatest common factor of k and 70?
7
Let a be (-1)/(-3)*(271 + -4). Suppose -5*x + 3*t + a = 1, -60 = -4*x + 5*t. Calculate the greatest common divisor of x and 160.
20
Let c = -69 + 40. Let r be 8/36 + c/9. Let x(m) = -2*m + 4. Let d be x(r). Calculate the highest common factor of d and 40.
10
Suppose -3*x = -4*n - 32, 2*x - 23 = -2*n + 3*n. Suppose -3*k + x + 0 = 0, k = -3*t + 13. What is the greatest common factor of t and 9?
3
Suppose -5*z + 629 = 89. Let u be 40/(-15)*(-54)/12. What is the greatest common divisor of z and u?
12
Let a be (-2 - 0) + (-3 - -7). Suppose 3*x + y + 15 - 59 = 0, 36 = a*x - y. Calculate the greatest common factor of x 